t = 27 + u. What is the tens digit of t?
1
Let c = -176 - -257. What is the units digit of c?
1
Suppose 2*x - 4*x = -36. What is the tens digit of x?
1
Suppose -3*x - 2*x = 0. Suppose -2*w + 0*w + 24 = x. What is the units digit of w?
2
Suppose -32 - 83 = -5*d. Let y = d - 7. What is the units digit of y?
6
Suppose 5*n = -0*n. Suppose -u - u + 36 = n. What is the units digit of 8/6*u/4?
6
Let g(i) be the second derivative of -i**3/6 + 12*i**2 + 2*i. What is the tens digit of g(12)?
1
Suppose 2 - 18 = -2*x. Suppose 28 - x = 5*a. Suppose -2*u - 3*r = 2*r - 7, -a*r = -2*u + 16. What is the units digit of u?
6
What is the units digit of (2 - 1)/(3/567)?
9
Suppose -3*x + 8 = -x. Suppose -3*n = -x + 1. What is the units digit of n?
1
Suppose 0 = -4*s - 4, s + 6 = q - 3*s. Let l be q/2 + 22/2. Suppose 29 = b + 4*b + 2*r, -3*b = 3*r - l. What is the units digit of b?
7
Suppose 3*t = -0*t - 4*r - 16, 0 = 2*t + 3*r + 12. Suppose -4*c + 2*c = t. Let b = c + 1. What is the units digit of b?
1
Let i(f) = f**3 - 4*f**2 - 2*f + 2. Let m be i(4). Let j = -3 - m. What is the units digit of j?
3
Let u(k) = -11*k - 2. What is the units digit of u(-2)?
0
Suppose 5*h + 28 = 78. Let o(c) = 0*c**2 + c - h - 11*c + c**2. What is the units digit of o(11)?
1
Suppose -c + 9 = -21. What is the tens digit of c?
3
Suppose 6*m - 2*m = 20. Suppose 3*c = 12, -m*c = -2*y - c - 14. What is the units digit of y?
1
Let l(y) = -y**2 + 8*y + 1. Let w be (24/18)/((-1)/(-6)). Let m be l(w). Let b = m + 12. What is the tens digit of b?
1
Suppose 4*y - 6 = y + 2*q, -2*q - 6 = y. Let l(m) be the second derivative of -m**3/6 + 3*m**2 - m. What is the units digit of l(y)?
6
Let c = -10 - -40. Let z be (-5)/(33/(-42) + (-6)/(-21)). Let o = c - z. What is the units digit of o?
0
Suppose 5*i = 2*t + 160, 4*t = -4*i + 3*t + 141. Suppose -2*y - i = 3*d, 2*d + 6*y - y + 30 = 0. Let c = d + 17. What is the units digit of c?
7
Suppose 0*n = r - 5*n + 8, -r = 2*n - 6. Let z be (-2 - r)*(-1 - 0). Suppose -2*d + 15 = 5*h, -5*h + z*d + 10 = 5*d. What is the units digit of h?
1
Let m = -41 + 91. Suppose -3*a + 2*z = -55, 5*z + 28 = 4*a - m. Suppose -4*c + 20 = -3*k + k, -5*k - a = c. What is the units digit of c?
3
Let y(g) = 123*g + 11. What is the hundreds digit of y(1)?
1
Let h(k) = k + 2. Let d be h(2). Let z = -1 + 2. Suppose 1 = a + 3*g, -d*a = g - z - 36. What is the tens digit of a?
1
Suppose 0 = -5*o - 3*u - 17, -4*o + 5 = 2*u + 17. Let s(m) = 2*m**2 + m + 1. What is the units digit of s(o)?
2
Let z(n) = -4*n - 13. What is the units digit of z(-14)?
3
Suppose -2*b - 5*z - 12 = -136, -165 = -3*b + 3*z. Let f(s) = 2*s - 6. Let j be f(5). Suppose j*m = m + b. What is the tens digit of m?
1
Suppose 1 = -3*v + 7. Let h(j) = 2*j**2 + j. What is the units digit of h(v)?
0
Suppose 2 + 6 = 2*v. Let m(y) be the third derivative of y**4/12 - y**3/3 + y**2. What is the units digit of m(v)?
6
Let h(o) = 5*o - 7. Let x be h(6). Suppose -10 = -3*t + x. What is the units digit of t?
1
Suppose 4*k + 1 = 73. Let z = k - 11. What is the units digit of z?
7
What is the units digit of (-135)/(-6) + (-11)/(-22)?
3
What is the units digit of -5 + 222 + (0 - 2)?
5
Let k(r) = 3*r**2 + 26*r + 26. What is the tens digit of k(-12)?
4
Let p(h) = -h + 1. Let y be p(-3). Let j(k) = k**2 + 5*k - 6. Let z be j(y). Let d = 46 - z. What is the tens digit of d?
1
Let j = -130 - -258. What is the units digit of j?
8
Let r(l) = -3*l - 1. Let w(b) = b + 3. Let c be w(-2). Let u be r(c). What is the units digit of (-22)/u + (-2)/4?
5
What is the units digit of 1/(-3) - 3/((-54)/474)?
6
Suppose -4*h = h - 5. Let z be (-2)/2 - -5*h. Suppose c - 7 = 4*y, -10 = -z*c - 6*y + 4*y. What is the units digit of c?
3
Suppose -14 - 1 = -3*y. What is the units digit of y?
5
Suppose -3*s + 298 = 76. What is the units digit of s?
4
Suppose 5*k - 36 - 34 = -4*u, -5*u + 85 = 5*k. Suppose -5*z = -5*g - u, -z + 3*g = -2*g + 1. Suppose -6*w + z*w + 22 = 0. What is the units digit of w?
1
Suppose f = -5*q - f - 96, 2*f = -6. What is the tens digit of 52/(-6)*27/q?
1
Let l be ((-21)/(-14))/(2/4). Let m = 1 - -15. Suppose l*z - m = -z. What is the units digit of z?
4
Let c(m) = -34*m + 1. Let b be c(-1). What is the units digit of 259/b - (-4)/(-10)?
7
Let l be (4 - 0)*15/12. Suppose -l*x - 3 = 2. Let u = x + 2. What is the units digit of u?
1
Let a(b) = -2*b**3 + b**2 - b - 1. Suppose 0 = 4*h - 3*v + 16 + 3, -4*v = 5*h - 15. Let s be a(h). Suppose s*k - 5 = 34. What is the tens digit of k?
1
Suppose 2*t - 6 = -0*t. Suppose -t*w + 6 = -6. What is the units digit of w?
4
Let u(n) = n**3 + 8*n**2 + 10. What is the units digit of u(-8)?
0
Let x(u) = u**2 + 2*u - 8. Let j be x(6). Let z = j - 20. What is the units digit of ((-25)/z)/((-2)/8)?
5
Let x(p) = p**2 - 20*p - 3. Let n be x(18). Let a = n - -56. What is the units digit of a?
7
Let k(r) = -r**2 + 5*r**2 - 2*r**2 - 2 + 2*r - r**3. Let b be k(2). What is the units digit of (1 - (0 + b)) + 4?
3
Let z(h) = -h**3 - 4*h**2 + 5*h + 4. Let a be z(-5). What is the units digit of -1 - a/(4/(-13))?
2
What is the units digit of -1 - 207/(15/(-5))?
8
Let u be 6/(-4)*8/(-3). Let w be 15/13 + (-18)/117. Let f = w + u. What is the units digit of f?
5
Let r = 0 - -5. Suppose -32 + 12 = -r*h. Suppose -h - 4 = -b. What is the units digit of b?
8
Suppose -7*v - 20 = -2*v. Let n(a) = -a - 5*a - 2*a**2 + a**2 + 0*a**2 - 2. What is the units digit of n(v)?
6
Suppose 6*u = 7*u - 9. What is the units digit of u?
9
Let t = 110 - 37. What is the tens digit of t?
7
Let c(l) = l**3 - l**2 + 30. Let y be c(0). Suppose 0 = -k - 2*k + y. What is the units digit of (2 + k/(-4))*-10?
5
What is the units digit of (-12)/(-3) + 59 + -2?
1
Let h = 170 - 101. What is the units digit of h?
9
Let f = -60 + 131. What is the tens digit of f?
7
Suppose 181 = 6*m - 2*m + 5*q, 2*m - 3*q - 107 = 0. What is the units digit of 14/m + 47/7?
7
Suppose 0 = 3*x + 3*t + 3, 0*x + t = -3*x - 1. Suppose -v - 2*v + 6 = x. What is the units digit of v?
2
Let m(l) = l**2 + 3*l - 3. Let q be m(-4). Let h be 7 - 5 - (q + 4). Let b = h - -6. What is the units digit of b?
3
Let k be (2/(-4))/((-2)/88). Suppose -o + 4*j = -0*j - k, -2*o = -j - 37. What is the units digit of o?
8
Let h = -18 - -30. Suppose 4*v - v - h = 0. What is the units digit of v?
4
Let u = -33 - -69. Suppose -4 + u = 2*r. What is the units digit of r?
6
Let w(a) = a**3 - 3*a**2 - 9*a - 2. What is the units digit of w(6)?
2
Suppose 2*h + 81 - 303 = 3*j, 3*h - 4*j - 332 = 0. What is the tens digit of h?
0
Let n = 63 + -33. What is the units digit of n?
0
Let i be ((-10)/(-25))/(2/10). Let y(z) = -7 + 5 + i*z - 10. What is the units digit of y(11)?
0
Let m = 105 + -69. What is the units digit of m?
6
Let g be (-6)/15 + 2/5. Suppose -q + 2*c + 0*c - 3 = g, -3*q = 4*c - 31. What is the units digit of q?
5
Let j(l) = -10*l + 2. Let t be j(3). Let b = t - -41. Let p = -7 + b. What is the units digit of p?
6
Let i(m) = 3*m**2 - 3*m - 3. Let k = 10 - 12. What is the units digit of i(k)?
5
Let k = 79 + -114. Let x = 57 + k. What is the units digit of x?
2
Let j be (-30)/(-8) - (-1)/4. Suppose -4*a = 2*g + 6, a = -g + 2 - 5. Suppose a = -y - j + 20. What is the units digit of y?
6
Suppose -4*b - 4 = -5*b. Let l(n) = 4*n. What is the units digit of l(b)?
6
Suppose x = 8 - 0. What is the units digit of x?
8
Let i be (2/4)/(3/204). What is the units digit of -5 - -5 - (1 - i)?
3
Suppose 5*v + 35 = 4*n - 3*n, 5*v = -25. Let a = n + -6. Suppose 3*l + s + 3*s - 38 = 0, 2*s - 34 = -a*l. What is the units digit of l?
6
Let q be 3*(40/3)/(-5). Let v = 14 + q. Suppose -m - 24 = -u - v*m, -2*m + 8 = 0. What is the units digit of u?
4
Suppose 4*a + 631 = -1. Let o = -111 - a. What is the units digit of o?
7
Let m be (4/(-3))/((-1)/33). Let t = -21 + m. What is the tens digit of t?
2
Suppose 29 = 3*m - 37. Let z = m - 10. What is the units digit of z?
2
Let y be (1 + 1)*(8 - 15). Suppose -3*m = k + 2*k - 48, -2*m = -k - 44. Let g = y + m. What is the units digit of g?
6
Let l be (-5 - -2)/((-2)/12). Suppose 5*b = f + l, 5*b - f - 30 = -6*f. Suppose -19 = -b*m - 4*g + 17, 2*m = g + 21. What is the units digit of m?
0
Let d(z) = -z**3 + 5*z**2 - 4*z + 2. Suppose -2*b + b = -3. Let r be d(b). Suppose 3*o - 2*w + r